nder when n is divided by 10.
8
Suppose -5*c + 56 - 11 = 0. Let d be (0 - 6/4)*-2. Suppose 0 = 3*h - h + 2*z - 42, 83 = d*h - z. What is the remainder when h is divided by c?
8
Suppose -s + 2*b + 62 = 0, 2*s = b - 25 + 149. Calculate the remainder when s is divided by ((-63)/(-15))/(2/10).
20
Let d(w) = w**3 - 4*w**2 + 3*w + 3. What is the remainder when 28 is divided by d(4)?
13
Let t(i) be the first derivative of -i**2/2 + 22*i - 2. Calculate the remainder when t(0) is divided by 12.
10
Let p(r) = 2*r**3 - 19*r**2 - 6*r - 14. Calculate the remainder when 75 is divided by p(10).
23
Suppose 0 = 4*n + 2*c - 18, 4*c + 27 = 4*n - 3*n. Let w(d) = 2*d + 10. Calculate the remainder when w(n) is divided by 9.
6
Let y(m) = -1 - 35*m**3 + 2*m**2 - m**2 + 7*m**3 + m**2. What is the remainder when y(-1) is divided by 16?
13
Let s = -97 + 119. What is the remainder when 34 is divided by s?
12
Let n = 11 + -1. Calculate the remainder when 47 is divided by n.
7
What is the remainder when 40 is divided by 49/2*(-52)/(-91)?
12
Let h = -11 + 25. What is the remainder when 38 is divided by h?
10
Suppose 5*f = -2*f + 301. What is the remainder when f is divided by 15?
13
Let a = -5 - -9. Suppose a*v - 2 - 10 = 0. What is the remainder when v is divided by 3?
0
Let t = 679 + -477. Let s = 316 - t. Suppose 0 - s = -3*g. Calculate the remainder when g is divided by 10.
8
Suppose -r - 4*r + 2*p = -66, 5*p = -5*r + 45. Suppose 2*u = -2*i + u + 51, r = i - 4*u. What is the remainder when i is divided by (-2)/7 + 279/21?
11
Let s be ((-15)/25)/((-3)/15). What is the remainder when 43 is divided by ((-6)/8)/(s/(-60))?
13
Let w(n) = 2*n - 15 - 10*n**2 - n**3 + n + 5*n. What is the remainder when 70 is divided by w(-11)?
16
Let x = -6 + 13. Suppose 20 = 5*y + 3*w, -4*y - x = -2*w - 1. Calculate the remainder when 8 is divided by 3*y/((-3)/(-5)).
3
Let v(c) = c**2 + 8*c + 2. What is the remainder when v(-9) is divided by 4?
3
Suppose 0 = u - 4 - 4. Suppose 2*d - v = 3*d + 3, 2*d + 4*v = -16. Suppose -5*n + 95 = -5*b, -3*b = d*n - 35 - 23. What is the remainder when n is divided by u?
7
Let b(g) = -g**2 - 4*g - 2. Let o be b(-3). Let m(q) = -q**2 - q. Let d be m(o). Let l = d - -7. What is the remainder when l is divided by 2?
1
Let i = -233 - -338. Calculate the remainder when i is divided by 18.
15
Let b(m) = 3*m - 3. Suppose 0 = -8*x + 3*x - 4*k + 46, 2*x + 5*k = 15. Calculate the remainder when x is divided by b(3).
4
Let c be (-6)/(-27) + (-97)/(-9). Let z(y) = y**3 + y**2 - 2*y + 1. Calculate the remainder when 24/2 + c + -8 is divided by z(2).
6
Suppose 2*w + 3*w = p + 11, 2*w + 14 = 5*p. Suppose -p*b + 3 + 17 = 0, -5*s + 4*b + 70 = 0. What is the remainder when 52 is divided by s?
16
Let q(j) = 2*j**2 - 4*j - 7. Calculate the remainder when q(-5) is divided by 16.
15
Let n be ((-10)/4)/(10/(-20)). Let r = -5 + 15. Suppose 70 = n*c - r. What is the remainder when 31 is divided by c?
15
Let c = 5 - -8. Suppose -y - c = -5*n, 2*n + 13 = 4*y - y. What is the remainder when 32 is divided by y?
4
Suppose -5*z - 9 = 11. Calculate the remainder when ((-17)/2)/(z/8) is divided by 4.
1
Suppose 4*a - 112 = 2*a. Let p(i) = -3*i - 8. Let j be 3 - ((-2 - -11) + 3). What is the remainder when a is divided by p(j)?
18
Calculate the remainder when 16 + 2 - (-4 - -1) is divided by 8.
5
Let i(f) = -4*f - 10. Let m = 8 + -13. What is the remainder when 37 is divided by i(m)?
7
Let q(k) = -2*k**3 + 13*k**2 - 2*k - 5. Calculate the remainder when 56 is divided by q(6).
18
Suppose -8*s + 107 = -261. What is the remainder when s is divided by 12?
10
Suppose 2*v + 3*n - 110 - 131 = 0, 2*v - 259 = 3*n. What is the remainder when v is divided by 14?
13
Let v = -3 - -2. Let l = 2 - 4. What is the remainder when 1 is divided by (-2)/(v - (-2)/l)?
0
Suppose 44*u + 30 = 47*u. What is the remainder when 12 is divided by u?
2
Suppose 2*r - 81 = -25. Suppose 4*m - 64 - r = 0. What is the remainder when 45 is divided by m?
22
What is the remainder when 62 is divided by 3 + -7 + 2*10?
14
Let q = -7 - -11. Suppose -q*i + 188 = -0*i. What is the remainder when i is divided by 16?
15
Let x(f) = 2*f - 1. Calculate the remainder when (-4)/3*(10 - 16) is divided by x(2).
2
Let n = 78 + 13. What is the remainder when n is divided by 22 - -1*(-2 + 3)?
22
Let b = 7 + 10. What is the remainder when 82 is divided by b?
14
Let d = 5 - 2. Calculate the remainder when (-3)/(-1) - 2 - -2 is divided by d.
0
Let f be (-2)/3*(4 + -7). Suppose -f*c = -6*c + 120. What is the remainder when c is divided by 11?
8
Suppose 5*l = 5*h - 100, -2*h + 5*l = h - 64. Let i = 121 - 86. What is the remainder when i is divided by h?
17
Let r = -129 - -289. Calculate the remainder when r is divided by 23.
22
Suppose 3*i - 7 - 2 = -j, 2*i + 4*j - 6 = 0. Suppose 0 = -4*y + 3*w + 35, 3*y - 6*y + i*w = -27. What is the remainder when 23 is divided by y?
7
Suppose 4*m = 37 + 91. Calculate the remainder when 123 is divided by m.
27
Suppose 0 = -o + 15 + 13. Calculate the remainder when 77 is divided by o.
21
Let y = -8 - -15. Suppose 4*t - 55 - 109 = 0. Calculate the remainder when t is divided by 96/y - 14/(-49).
13
Let w(p) = p**2 - 5*p + 4. Let f be w(4). Suppose -3*x + f + 186 = 0. What is the remainder when x is divided by 16?
14
Let l = 33 - 17. Let o = 19 - 17. Suppose -q + 48 + 1 = -o*a, -5*a = -q + 52. What is the remainder when q is divided by l?
15
Let v(y) = 5*y**2 + 2*y - 1. Let p be v(1). Let d = p + 1. Let g = 103 + -76. What is the remainder when g is divided by d?
6
Suppose -4*z + 69 = -3*p - 50, 4*z = -5*p + 143. Suppose 14*g = 10*g + z. Suppose w - 6 = -5, -2*q + 30 = 2*w. What is the remainder when q is divided by g?
6
Let v(o) = o + 5. Let w be v(0). Suppose -w*l - 15 = 2*h + 3*h, 5*l = -2*h. Suppose l*d = -d + 24. What is the remainder when 23 is divided by d?
7
Let x(c) = -c**2 - 4*c**2 + 2 + 4*c**2 + 3*c - c**3. Calculate the remainder when 31 is divided by x(-3).
9
Suppose -3*r - r + 84 = 0. Let u = r + -12. Calculate the remainder when 16 is divided by u.
7
Let j(i) = 4*i**2 + 7*i - 5. What is the remainder when j(-4) is divided by 2?
1
Let c(z) = -z**3 + 3*z - 2. Let u be c(-3). What is the remainder when 1 + u/(-6)*-6 is divided by 5?
2
Let j be (-6)/4*16/6. Let q = -11 + 21. Calculate the remainder when ((-27)/2)/(3/j) is divided by q.
8
Let x(c) = 4*c**3 - 4*c**2 + 4*c + 2. Calculate the remainder when x(2) is divided by 15.
11
Suppose -4*d + 9 = -d. Calculate the remainder when (1 - 2)*-17 - 2 is divided by d.
0
Let n = 7 + -17. Let g = -2 - n. What is the remainder when 14 is divided by g?
6
Let m = 0 + -2. Calculate the remainder when -69*m/12*2 is divided by 12.
11
Let r be (4/(-6))/(12/(-378)). Suppose 4*a = a + r. Let p(d) = -3*d. What is the remainder when a is divided by p(-1)?
1
Suppose 2*x - 17 = -1. Let m = 20 + -6. What is the remainder when m is divided by x?
6
Let h(c) = -c**2 - 15*c - 27. What is the remainder when h(-12) is divided by 7?
2
Suppose -4*j = -0*j + 4*f - 152, -4*j + 3*f = -152. Calculate the remainder when j is divided by 10.
8
Suppose 4*i - 68 = -0*i. Calculate the remainder when 61 is divided by i.
10
Let s(h) = 209*h**3 - 3*h**2 + 1. What is the remainder when s(1) is divided by 35?
32
Let h(t) = t**2 + 3*t - 7. Let b = 12 + -22. Calculate the remainder when h(b) is divided by -1 + -1 + 2 - -16.
15
Suppose 2*m + 2*m = 20. Suppose -n = -2*w + 5, -5*w + n - 3*n + 26 = 0. What is the remainder when m is divided by w?
1
Suppose l - 178 = -2*j - 38, -2*j + 3*l = -156. Suppose -4*k - j = -5*f, 0 = 3*f + 2*k - 7 - 23. Calculate the remainder when f is divided by 5.
2
Suppose 3*o = -5*v + 16, -8*o - 3*v = -3*o - 32. What is the remainder when 46 is divided by o?
4
Suppose 7*c + 49 = 14*c. What is the remainder when 22 is divided by c?
1
Let l = -44 + 8. Let h = -14 - l. Calculate the remainder when h is divided by 5.
2
Suppose -3*m - 2*m = -55. Let j(l) = -m*l + 2*l + 2 + 2*l. Calculate the remainder when 67 is divided by j(-3).
21
Let x be 117 + 0 - (-1 + -1). What is the remainder when (-12)/(-30)*(1 + x) is divided by 10?
8
Let r = 54 - 31. Suppose -33 = 3*v - 69. What is the remainder when r is divided by v?
11
Let m(j) = -2*j - 6. Calculate the remainder when -6*(5/(-5) - (-15)/